3 - -2343034?
2343042
In base 2, what is 110111101 - 1111100?
101000001
In base 3, what is -101012211 - 10?
-101012221
In base 16, what is 5 - -6e21?
6e26
In base 4, what is 12121 - 23032?
-10311
In base 5, what is 3 - -1423241?
1423244
In base 16, what is -2330 + 29?
-2307
In base 11, what is 453 + -3a2?
61
In base 8, what is 15406 - -1?
15407
In base 4, what is -3113 + -200021?
-203200
In base 14, what is 75 + -17c?
-107
In base 14, what is 5 - cb39?
-cb34
In base 3, what is -120200120 - 10?
-120200200
In base 7, what is -1214631 - -5?
-1214623
In base 4, what is -121302102 - 102?
-121302210
In base 9, what is 18755 + -38?
18716
In base 2, what is -1100001101101 - 100101100?
-1100110011001
In base 9, what is -15 - -41364?
41348
In base 4, what is -20010302 - 1?
-20010303
In base 7, what is 430 + -1243?
-513
In base 10, what is -143 - -152?
9
In base 13, what is 261 - 55b?
-2ca
In base 16, what is 4544 - 3?
4541
In base 7, what is -6226 + -6?
-6235
In base 16, what is -2c7cc - 9?
-2c7d5
In base 15, what is -5675d - -12?
-5674b
In base 5, what is 12400430 - -113?
12401043
In base 15, what is -7b7 + b9?
-6ed
In base 8, what is 11703 - -72?
11775
In base 10, what is 4 - -11142?
11146
In base 3, what is -11 - 100211001112?
-100211001200
In base 9, what is -66870 + -1?
-66871
In base 3, what is 1 - 2100211210?
-2100211202
In base 14, what is -3 + -67d7?
-67da
In base 2, what is 111101100 - 1111001001?
-111011101
In base 15, what is -1d084 + 3?
-1d081
In base 8, what is -6250 - -2323?
-3725
In base 6, what is 231252 - 33?
231215
In base 9, what is 5 - -561348?
561354
In base 12, what is 1a1a57 + 4?
1a1a5b
In base 16, what is 326ea - 3?
326e7
In base 13, what is 49 + 4a41?
4a8a
In base 14, what is -30 + 134?
104
In base 4, what is -330021102 - 2?
-330021110
In base 4, what is 220 + 23022?
23302
In base 4, what is -211021230 + -1?
-211021231
In base 5, what is -214041421 + 4?
-214041412
In base 6, what is -2 + -303155?
-303201
In base 14, what is -16a1 - -2?
-169d
In base 11, what is -2a18 - 30?
-2a48
In base 16, what is -4b6 + cc?
-3ea
In base 14, what is -2775 - 6?
-277b
In base 16, what is -108 + -4d5?
-5dd
In base 8, what is 10 + 23276?
23306
In base 5, what is -13 + -2232040?
-2232103
In base 4, what is 1 - -1221001?
1221002
In base 15, what is 84045 - 4?
84041
In base 12, what is -39 + -2402?
-243b
In base 10, what is -35 - 503?
-538
In base 2, what is -11010101100101 - 101?
-11010101101010
In base 15, what is -6d120 + 3?
-6d11c
In base 16, what is 1 - -61bf4?
61bf5
In base 12, what is 6 - 444bb?
-444b5
In base 7, what is -4 + -1253610?
-1253614
In base 3, what is 2202012221 - -11102?
2202101100
In base 6, what is -5 - -13353?
13344
In base 13, what is -7a99 - 2a?
-7ac6
In base 5, what is -11 - -1334402?
1334341
In base 16, what is 3 - 4eb9?
-4eb6
In base 13, what is 89b - 31?
86a
In base 14, what is -5 - -ab7?
ab2
In base 3, what is -20 - -21202121?
21202101
In base 8, what is -12351 + -3?
-12354
In base 8, what is 5 - -1427?
1434
In base 10, what is -6523 + 45?
-6478
In base 15, what is -4 + 1892?
188d
In base 15, what is 700a3 - -5?
700a8
In base 13, what is 7 + -95c?
-955
In base 12, what is 1b - 1071?
-1052
In base 6, what is 4120310 + 2?
4120312
In base 12, what is 54ba57 + 2?
54ba59
In base 11, what is a624 + -127?
a4a8
In base 4, what is 121 - 20101?
-13320
In base 13, what is 2 + -5bac8?
-5bac6
In base 5, what is 40110 - 1?
40104
In base 10, what is -1 + -12510?
-12511
In base 8, what is -5 - 40655?
-40662
In base 2, what is 1 + -101100000001101000?
-101100000001100111
In base 3, what is 1 - 121002212012?
-121002212011
In base 5, what is 11 - 421114?
-421103
In base 6, what is 45325 - 311?
45014
In base 7, what is 665 - 1254?
-256
In base 6, what is 11401 + -240?
11121
In base 6, what is -11 - 225012?
-225023
In base 11, what is 4a - -2698?
2737
In base 12, what is -30 + 431?
401
In base 12, what is 29446 + -1?
29445
In base 16, what is 0 + -77e6?
-77e6
In base 12, what is 20 - -1016?
1036
In base 14, what is -81 + -7dd?
-880
In base 7, what is -1026 + 143?
-553
In base 14, what is -5073b - -4?
-50737
In base 2, what is 1011111 - -110110100001?
111000000000
In base 13, what is -64 + -69a?
-731
In base 10, what is 240947 - -6?
240953
In base 15, what is 687d + 1?
687e
In base 16, what is 64276 - -2?
64278
In base 13, what is -2643 + 51a?
-2126
In base 15, what is 1c867 - -1?
1c868
In base 3, what is -12 - -2100201?
2100112
In base 9, what is -5 - 84?
-100
In base 13, what is -242 - -29?
-216
In base 3, what is -2110 - -100102?
20222
In base 3, what is -11 + -10201002022?
-10201002110
In base 9, what is 0 - -1141?
1141
In base 6, what is 5450 + -2?
5444
In base 13, what is 77a7 - -2?
77a9
In base 11, what is -1 + 204?
203
In base 16, what is 31 - -7b?
ac
In base 12, what is 6a - 172?
-104
In base 15, what is 2 + 2222?
2224
In base 11, what is 0 + 32736?
32736
In base 5, what is 204223 + 0?
204223
In base 4, what is 322 + 1131330?
1132312
In base 7, what is -302 + -23656?
-24261
In base 13, what is 0 - -2c87?
2c87
In base 9, what is 8 - 2026?
-2017
In base 3, what is 12 - -2100022110?
2100022122
In base 11, what is -7a25 + -4?
-7a29
In base 7, what is -1506 + 5033?
3224
In base 11, what is 8 - -6618a?
66197
In base 13, what is -b218 + -9?
-b224
In base 12, what is 13 + -359?
-346
In base 6, what is 5 - 32501421?
-32501412
In base 7, what is -45435546 + 1?
-45435545
In base 15, what is -32 - 4d8?
-51a
In base 4, what is -10 - -313?
303
In base 2, what is 111010110000101011 - -101?
111010110000110000
In base 8, what is 43 - 16644?
-16601
In base 14, what is 99b - 8?
993
In base 8, what is -14700 + -445?
-15345
In base 9, what is 25 + 8043?
8068
In base 5, what is 204310331 + 10?
204310341
In base 14, what is -4545 + -3?
-4548
In base 4, what is 112300 + -2113?
110121
In base 5, what is -13131 + -14?
-13200
In base 8, what is 111341 + -17?
111322
In base 6, what is 25424415 - 2?
25424413
In base 4, what is 1030110 + 1322?
1032032
In base 14, what is 3 + 4020?
4023
In base 3, what is 10200111 + 22?
10200210
In base 8, what is 1223 + -162?
1041
In base 15, what is -10ec1 - -4?
-10ebc
In base 13, what is -7059a - -a?
-70590
In base 14, what is -a8b5 + 5?
-a8b0
In base 15, what is 301a6 - -1?
301a7
In base 7, what is 6321 + 1161?
10512
In base 13, what is -781ab - 10?
-781bb
In base 16, what is -1c8 - -372e?
3566
In base 14, what is 1 + 5378?
5379
In base 3, what is 1 + 12001120?
12001121
In base 13, what is 3 - -7a0c?
7a12
In base 8, what is 2624 - 16?
2606
In base 2, what is -100011011001001 + 11?
-100011011000110
In base 5, what is -424 - -2?
-422
In base 14, what is 2 - -3a94d?
3a951
In base 14, what is 8 - 3021?
-3017
In base 10, what is 1118 + 43?
1161
In base 2, what is 10 - 10001110111100001?
-10001110111011111
In base 15, what is 2 - 112a0?
-1129d
In base 5, what is 110204 + 2?
110211
In base 14, what is 3c6c + -48?
3c24
In base 6, what is 11540 - 221?
11315
In base 5, what is -1022211 - 2?
-1022213
In base 6, what is -120240 - 5?
-120245
In base 11, what is -1999554 + 3?
-1999551
In base 16, what is 121a + -6?
1214
In base 5, what is 10203 + -202?
10001
In base 7, what is -362300 - 2?
-362302
In base 16, what is -294 + -f9?
-38d
In base 14, what is c + a735?
a743
In base 11, what is 5 + 647444?
647449
In base 10, what is -1403021 + 1?
-1403020
In base 4, what is -123112330 - -11?
-123112313
In base 6, what is -105 - -14114?
14005
In base 5, what is -13304324 + 21?
-13304303
In base 3, what is 2010 + 10200012?
10202022
In base 2, what is -100 + 10011001111101001?
10011001111100101
In base 6, what is 244404 - 5?
244355
In base 7, what is 414 + 14331?
15045
In base 6, what is 20540431 + 0?
20540431
In base 13, what is -6295bb + 5?
-6295b6
In base 9, what is -2408600 - -3?
-2408586
In base 16, what is 2c + 277b?
27a7
In base 13, what is -208854 - 5?
-208859
In base 5, what is -10 + -13014330?
-13014340
In base 13, what is -19 - -1a8c?
1a73
In base 12, what is -2a1704 + 1?
-2a1703
In base 12, what is 36263 + 6?
36269
In base 15, what is c1e9 - 5?
c1e4
In base 9, what is 3004 + 2?
3006
In base 11, what is 594a8 + -2?
594a6
In base 4, what is -1303002110 + 0?
-1303002110
In base 8, what is -6357 - -43?
-6314
In base 14, what is -290 - 61